 0 - 2706?
-2706
In base 6, what is -355200 + -3?
-355203
In base 15, what is -6 - -6a094?
6a08d
In base 6, what is 2104 + 44?
2152
In base 13, what is -135a4 + 1?
-135a3
In base 13, what is -171 + 141?
-30
In base 16, what is af + 5b6?
665
In base 16, what is -15 + 2670?
265b
In base 15, what is 1cd + a7?
285
In base 13, what is -66098 - 1?
-66099
In base 7, what is -3 + -665540?
-665543
In base 8, what is 1720 + -256?
1442
In base 8, what is 456743 + 4?
456747
In base 12, what is 5 + -57a0b?
-57a06
In base 15, what is 33 - 4d?
-1a
In base 7, what is -421143 + 5?
-421135
In base 8, what is 152536 - -5?
152543
In base 4, what is -10030102020 - -1?
-10030102013
In base 9, what is 2020 - 4?
2015
In base 15, what is -1c + -22c?
-249
In base 6, what is -11 - 212421?
-212432
In base 13, what is -171 + 24a1?
2330
In base 9, what is -2 + 10160?
10157
In base 15, what is e292 - -1?
e293
In base 10, what is 1448 + -4363?
-2915
In base 6, what is 3 - -145002?
145005
In base 6, what is -23131 + -220?
-23351
In base 16, what is -3 + 3f8a?
3f87
In base 15, what is 155d - 121?
143c
In base 9, what is -1223 - -281?
-832
In base 14, what is 6c1 - 18b?
534
In base 11, what is 4 + 6722a?
67233
In base 7, what is -144 - 253?
-430
In base 16, what is -7 - -37e0?
37d9
In base 4, what is 10 - 211222323?
-211222313
In base 16, what is -ba - -52?
-68
In base 4, what is 32132132203 + -2?
32132132201
In base 4, what is -1321100 + 2?
-1321032
In base 10, what is 1 - 45770?
-45769
In base 2, what is 111010111011 + 100011?
111011011110
In base 15, what is 4b413 - 3?
4b410
In base 9, what is -276571 - 0?
-276571
In base 6, what is 154101 + 103?
154204
In base 3, what is -1202200001 - -1112?
-1202121112
In base 2, what is -10 + 1101001000011111?
1101001000011101
In base 7, what is 1100613 - -3?
1100616
In base 13, what is 1468 - 443?
1025
In base 9, what is 256 + -645?
-378
In base 6, what is 1 - 352330?
-352325
In base 12, what is 5 + -364b58?
-364b53
In base 13, what is -2 - 47497c?
-474981
In base 12, what is 9589 + -3?
9586
In base 7, what is 20 - -5432?
5452
In base 12, what is 143a - 2?
1438
In base 4, what is -1 + -11203211?
-11203212
In base 2, what is 10110 - 100011?
-1101
In base 2, what is -10001011 - -101101110?
11100011
In base 12, what is -24abb - 1?
-24b00
In base 2, what is -1010010000111 - 111?
-1010010001110
In base 2, what is 1 - 1010010001?
-1010010000
In base 9, what is 124371 + 23?
124404
In base 7, what is 22 - 1030?
-1005
In base 8, what is 2 - -140220?
140222
In base 14, what is -5 + -21b0a6?
-21b0ab
In base 14, what is -3 - 10344?
-10347
In base 8, what is 1 - -3033070?
3033071
In base 16, what is -982c + 1c?
-9810
In base 13, what is 5 - 9b63?
-9b5b
In base 10, what is 457 - -30?
487
In base 7, what is -2024 - -46?
-1645
In base 16, what is 1cdf + 5?
1ce4
In base 7, what is -1564100 - 1?
-1564101
In base 3, what is -1202111 + -1120211?
-10100022
In base 6, what is -2254 - -32?
-2222
In base 9, what is 118 - 1541?
-1422
In base 11, what is -1974a7 + 0?
-1974a7
In base 15, what is 2b74 - 8?
2b6b
In base 16, what is 754d - -1?
754e
In base 15, what is 2 - 16117a?
-161178
In base 3, what is -1200222 + -221?
-1201220
In base 3, what is 2221202122 + 12?
2221202211
In base 10, what is -1 + 72922?
72921
In base 13, what is 5 - -742a?
7432
In base 9, what is 17327 + -158?
17158
In base 8, what is -24036 - 13?
-24051
In base 11, what is 8882 - -94?
8966
In base 10, what is 1000 - -1521?
2521
In base 12, what is 3b6 + a3?
499
In base 15, what is -da + 271?
186
In base 9, what is 1033284 - 3?
1033281
In base 11, what is 1389a + -3?
13897
In base 14, what is -222 + 1759?
1537
In base 7, what is 3 + -251650?
-251644
In base 5, what is -11 - -224130?
224114
In base 3, what is 100 + 11100221011?
11100221111
In base 7, what is 50 - 1456?
-1406
In base 2, what is 10111010010001011011 - -101?
10111010010001100000
In base 5, what is 1143244 + -214?
1143030
In base 9, what is 16 + 436?
453
In base 3, what is 10111000 - 20100?
10020200
In base 10, what is -21837 - 92?
-21929
In base 15, what is -11 + a995?
a984
In base 14, what is 326 - 8aa?
-584
In base 15, what is 3a93ec + -1?
3a93eb
In base 4, what is 102 + -23332?
-23230
In base 4, what is 112313 - 101011?
11302
In base 5, what is 2 - -1212044?
1212101
In base 2, what is 1011101 - 10010100101101?
-10010011010000
In base 6, what is -1305515 + 15?
-1305500
In base 5, what is 20 - 230121?
-230101
In base 2, what is 1011100111010001 - 11?
1011100111001110
In base 6, what is -15051340 - 3?
-15051343
In base 7, what is 1 - -220201?
220202
In base 12, what is 16 + b918?
b932
In base 4, what is -230212 + 10131?
-220021
In base 5, what is -13310243 + 1?
-13310242
In base 2, what is 10000 + -1101101000101110?
-1101101000011110
In base 11, what is 56 + 15808?
15863
In base 6, what is -4203 - 110?
-4313
In base 9, what is 67 - -377?
455
In base 2, what is 100 + -1000000111001000010?
-1000000111000111110
In base 9, what is 280 + -241?
38
In base 5, what is -40200 + -2?
-40202
In base 15, what is 58 - -74?
cc
In base 14, what is -1 - -28c2?
28c1
In base 11, what is 1398 + a96?
2383
In base 10, what is 92 + 1203?
1295
In base 16, what is 251 + 1cf?
420
In base 3, what is -12 - -202112020?
202112001
In base 15, what is 1b + 12e3?
130e
In base 7, what is 13 - -503343?
503356
In base 7, what is 3013 - 12401?
-6355
In base 13, what is -314 + -3b?
-352
In base 6, what is 3023 - -31?
3054
In base 14, what is 1a - -4b5?
4d1
In base 4, what is 3230311 - 12?
3230233
In base 7, what is -1503013 + 5?
-1503005
In base 2, what is -1110010011111101011 - 11?
-1110010011111101110
In base 14, what is 2354 - 2?
2352
In base 7, what is 2 + 3143545?
3143550
In base 14, what is -b54 - 22?
-b76
In base 10, what is 7002 + 59?
7061
In base 15, what is 4 + 9189?
918d
In base 13, what is 24156 + -2?
24154
In base 12, what is -353b - -1?
-353a
In base 3, what is 20 + 1112?
1202
In base 11, what is -a826 + -7?
-a832
In base 6, what is 42445 + -104?
42341
In base 4, what is 3130 - -1332122?
2001312
In base 16, what is 2837 - 1?
2836
In base 15, what is b03a + -9?
b031
In base 11, what is -3 - -2a2159?
2a2156
In base 8, what is -212246 + 2?
-212244
In base 9, what is -517767 - -7?
-517760
In base 5, what is -43213 + 14?
-43144
In base 9, what is -16527 - -54?
-16463
In base 14, what is -4144 + 9?
-4139
In base 15, what is 79 + e?
88
In base 10, what is -2706441 - -3?
-2706438
In base 16, what is -27e54 + 0?
-27e54
In base 6, what is -15 + -21332?
-21351
In base 13, what is -3 - -15793?
15790
In base 9, what is -14066 - 5?
-14072
In base 3, what is -2 + -12010021?
-12010100
In base 7, what is 662 - 1161?
-166
In base 7, what is 531041 + 0?
531041
In base 9, what is -11 + -5005?
-5016
In base 11, what is -6 + 56669?
56663
In base 11, what is 0 + 725a?
725a
In base 13, what is -1743 - 6?
-1749
In base 16, what is 113 + -5d?
b6
In base 14, what is 426 + 8?
430
In base 15, what is b1dda + -3?
b1dd7
In base 5, what is 341003 - -30?
341033
In base 7, what is 3 + 150312?
150315
In base 13, what is -12c92 - 0?
-12c92
In base 6, what is 310222 + 1?
310223
In base 16, what is 15 - -48b4?
48c9
In base 4, what is 10123 + 1001?
11130
In base 15, what is 480 - d8?
397
In base 13, what is 272 + b86?
1128
In base 10, what is -4 - -43359?
43355
In base 2, what is -1010111000101100100 - 10?
-1010111000101100110
In base 13, what is 2 + -316?
-314
In base 3, what is 0 + 1122110111120?
1122110111120
In base 2, what is -101110 + -10100110010011?
-10100111000001
In base 4, what is -130 + -121001?
-121131
In base 5, what is 102 - -10021?
10123
In base 14, what is 1515 + 18?
152d
In base 2, what is -1 + 111010011010010?
111010011010001
In base 3, what is -221011 + -10012?
-1001100
In base 14, what is 632 - bb?
555
In base 5, what is 104 + 414001?
414110
In base 5, what is -203443 + 0?
-203443
In base 9, what is -370483 + -1?
-370484
In base 9, what is 18804 - -20?
18824
In base 10, what is 4 - -61459?
61463
In base 7, what is 4203 - 403?
3500
In base 12, what is 1392 + -12?
1380
In base 8, what is -705 + -2715?
-3622
In base 9, what is 417 + -14564?
-14146
In base 2, what is -1000101 - 1111011101000?
-1111100101101
In base 3, what is -10221 - 1101001?
-1111222
In base 12, what is